003 is divided by 14.
9
Calculate the remainder when 15369 is divided by 91.
81
What is the remainder when 6198164 is divided by 962?
960
What is the remainder when 25482 is divided by 9?
3
What is the remainder when 2406228 is divided by 153?
150
What is the remainder when 3750 is divided by 110?
10
Calculate the remainder when 7170 is divided by 2369.
63
What is the remainder when 1948 is divided by 49?
37
What is the remainder when 1787878 is divided by 15?
13
What is the remainder when 95 is divided by 39?
17
Calculate the remainder when 775 is divided by 316.
143
Calculate the remainder when 239588 is divided by 310.
268
Calculate the remainder when 47452 is divided by 15812.
16
What is the remainder when 101033 is divided by 616?
9
What is the remainder when 3630 is divided by 104?
94
Calculate the remainder when 254309 is divided by 868.
853
What is the remainder when 10752 is divided by 414?
402
Calculate the remainder when 15775 is divided by 330.
265
Calculate the remainder when 104613 is divided by 52266.
81
Calculate the remainder when 118664 is divided by 75.
14
What is the remainder when 62048 is divided by 350?
98
Calculate the remainder when 14473 is divided by 4479.
1036
What is the remainder when 6247 is divided by 5?
2
What is the remainder when 2464995 is divided by 1866?
9
Calculate the remainder when 105703 is divided by 167.
159
Calculate the remainder when 40601 is divided by 79.
74
What is the remainder when 2721 is divided by 888?
57
What is the remainder when 10190 is divided by 2374?
694
What is the remainder when 377 is divided by 69?
32
What is the remainder when 94166 is divided by 52?
46
Calculate the remainder when 2129 is divided by 29.
12
What is the remainder when 292047 is divided by 280?
7
Calculate the remainder when 3313 is divided by 3272.
41
What is the remainder when 2665118 is divided by 238?
232
What is the remainder when 6399 is divided by 458?
445
What is the remainder when 826019 is divided by 60?
59
Calculate the remainder when 30610 is divided by 15291.
28
What is the remainder when 55891 is divided by 55874?
17
What is the remainder when 1445 is divided by 928?
517
What is the remainder when 2380 is divided by 149?
145
What is the remainder when 6965 is divided by 226?
185
Calculate the remainder when 818 is divided by 401.
16
Calculate the remainder when 8933 is divided by 116.
1
What is the remainder when 3980 is divided by 424?
164
Calculate the remainder when 50371 is divided by 12591.
7
Calculate the remainder when 260335 is divided by 86775.
10
Calculate the remainder when 11127 is divided by 1107.
57
What is the remainder when 147177 is divided by 234?
225
What is the remainder when 58447 is divided by 1616?
271
Calculate the remainder when 5579 is divided by 136.
3
Calculate the remainder when 30518 is divided by 10170.
8
What is the remainder when 405 is divided by 203?
202
Calculate the remainder when 492 is divided by 186.
120
Calculate the remainder when 329722 is divided by 28.
22
Calculate the remainder when 11380 is divided by 2709.
544
What is the remainder when 17681 is divided by 32?
17
What is the remainder when 8529 is divided by 94?
69
Calculate the remainder when 15638 is divided by 115.
113
Calculate the remainder when 103631 is divided by 34507.
110
What is the remainder when 18015 is divided by 2573?
4
Calculate the remainder when 138164 is divided by 305.
304
Calculate the remainder when 5305 is divided by 1512.
769
What is the remainder when 9914430 is divided by 29?
26
What is the remainder when 20885 is divided by 549?
23
What is the remainder when 808 is divided by 223?
139
Calculate the remainder when 2512 is divided by 820.
52
What is the remainder when 9225 is divided by 4461?
303
Calculate the remainder when 15539 is divided by 383.
219
Calculate the remainder when 23706 is divided by 697.
8
Calculate the remainder when 5635 is divided by 1756.
367
What is the remainder when 32547 is divided by 316?
315
What is the remainder when 429254 is divided by 30661?
0
Calculate the remainder when 7837 is divided by 6619.
1218
Calculate the remainder when 52388 is divided by 117.
89
What is the remainder when 127967 is divided by 87?
77
Calculate the remainder when 6901 is divided by 388.
305
Calculate the remainder when 3192 is divided by 408.
336
Calculate the remainder when 10938 is divided by 404.
30
Calculate the remainder when 748 is divided by 243.
19
Calculate the remainder when 326 is divided by 290.
36
What is the remainder when 1528 is divided by 173?
144
Calculate the remainder when 5071 is divided by 5068.
3
What is the remainder when 1862 is divided by 373?
370
Calculate the remainder when 294600 is divided by 56.
40
Calculate the remainder when 13304 is divided by 185.
169
Calculate the remainder when 288 is divided by 72.
0
Calculate the remainder when 15570 is divided by 22.
16
Calculate the remainder when 119593 is divided by 44.
1
Calculate the remainder when 17309 is divided by 790.
719
What is the remainder when 40319 is divided by 120?
119
Calculate the remainder when 37634 is divided by 37606.
28
Calculate the remainder when 18514 is divided by 2290.
194
What is the remainder when 5258 is divided by 329?
323
What is the remainder when 13676 is divided by 804?
8
What is the remainder when 1106 is divided by 118?
44
Calculate the remainder when 1597 is divided by 188.
93
What is the remainder when 10083 is divided by 3322?
117
What is the remainder when 43463 is divided by 15?
8
What is the remainder when 2484 is divided by 102?
36
Calculate the remainder when 1347009 is divided by 383.
381
What is the remainder when 81816 is divided by 130?
46
What is the remainder when 64559 is divided by 102?
95
Calculate the remainder when 8068 is divided by 22.
16
Calculate the remainder when 26889 is divided by 747.
744
Calculate the remainder when 5268 is divided by 180.
48
Calculate the remainder when 144813 is divided by 18101.
5
What is the remainder when 39604 is divided by 9?
4
Calculate the remainder when 13859 is divided by 385.
384
What is the remainder when 73061 is divided by 72881?
180
Calculate the remainder when 5262 is divided by 170.
162
Calculate the remainder when 11296 is divided by 263.
250
What is the remainder when 5991 is divided by 163?
123
Calculate the remainder when 52524 is divided by 1875.
24
Calculate the remainder when 3701 is divided by 219.
197
Calculate the remainder when 3034 is divided by 747.
46
Calculate the remainder when 298 is divided by 23.
22
What is the remainder when 17327 is divided by 57?
56
Calculate the remainder when 40909 is divided by 1318.
51
What is the remainder when 1472124 is divided by 896?
892
What is the remainder when 60290 is divided by 3173?
3
Calculate the remainder when 2058249 is divided by 214.
211
Calculate the remainder when 2032 is divided by 16.
0
Calculate the remainder when 61190 is divided by 3395.
80
Calculate the remainder when 21117 is divided by 38.
27
What is the remainder when 42611 is divided by 4259?
21
Calculate the remainder when 866 is divided by 853.
13
What is the remainder when 875 is divided by 571?
304
Calculate the remainder when 11645 is divided by 27.
8
Calculate the remainder when 43410 is divided by 334.
324
What is the remainder when 3836 is divided by 27?
2
Calculate the remainder when 684205 is divided by 136834.
35
Calculate the remainder when 14614 is divided by 34.
28
What is the remainder when 1605 is divided by 229?
2
What is the remainder when 186409 is divided by 93186?
37
Calculate the remainder when 19608 is divided by 5.
3
Calculate the remainder when 795407 is divided by 79540.
7
Calculate the remainder when 2861423 is divided by 1379.
1377
What is the remainder when 15826 is divided by 3868?
354
Calculate the remainder when 85673 is divided by 306.
299
Calculate the remainder when 19539 is divided by 13.
0
What is the remainder when 3254 is divided by 1037?
143
Calculate the remainder when 11161 is divided by 114.
103
Calculate the remainder when 132579 is divided by 896.
867
What is the remainder when 2388 is divided by 74?
20
Calculate the remainder when 65047 is divided by 284.
11
What is the remainder when 1203 is divided by 86?
85
Calculate t